1)*-1. What is the greatest common factor of 76 and g?
4
Let s = -5 - -9. Suppose s*n + 4*c - 42 = -14, -29 = -2*n + 3*c. Calculate the greatest common divisor of 10 and n.
10
Suppose -4*l = -8*l - 20, -l + 671 = 2*q. What is the highest common factor of 26 and q?
26
Suppose -110 - 22 = -11*h. What is the greatest common factor of h and 3?
3
Let i = 8 - 2. Suppose 0 = 4*q + 2*g - 10, -g + i = -0*q + 3*q. Suppose y - 9 = -2*y. What is the highest common divisor of y and q?
1
Let x = -6 + 9. Let m = -2 - -2. Suppose 0 = -j + x - m. What is the greatest common divisor of 18 and j?
3
Let c = 8 + -5. Suppose -t + 85 = -o, -c*t - 3*o = -7*t + 344. Suppose 19 = -5*g + t. Calculate the greatest common factor of g and 126.
14
Let y(i) = -i**2 - 7*i - 4. Let v be y(-6). Let b be 0*(-2 + v/2). Suppose -n + b = -5. What is the highest common divisor of n and 5?
5
Let x be (1 + 1)*2/1. Suppose 0 = -a + 2*b + 90, -a + 79 = x*b - 5. Suppose 3*d - 4*d + a = 0. What is the highest common factor of d and 11?
11
Let f(z) = z - 1. Let u be f(3). What is the greatest common factor of 2 and u?
2
Let u = -22 + 52. Let i = 1 - -3. Suppose i*n = n + u. What is the highest common factor of 70 and n?
10
Let b(y) = 4*y - 4. Let a be b(2). Let c(n) = -n**2 - 5*n + 4. Let t be c(-5). What is the highest common divisor of t and a?
4
Let c(r) = r**3 + 10*r**2 + 6*r - 11. Let d be c(-9). What is the highest common divisor of d and 16?
16
Let a = 11 + -2. Let u(q) = q. Let w be (-2)/(-6) - (-24)/9. Let g be u(w). Calculate the highest common factor of g and a.
3
Let h = -2 + 3. Let n be 10*((-3)/(-6) + 1). Suppose 5*l - 30 = n. What is the greatest common divisor of h and l?
1
Let j = -20 - -45. What is the greatest common divisor of j and 25?
25
Suppose 0*a - 3*a = -5*b + 105, -2*a - 14 = -b. Let f(q) = q**3 + q**2 + q + 12. Let p be f(0). Calculate the greatest common divisor of b and p.
12
Suppose 2*m + 3*u - 50 + 6 = 0, 5*m - 68 = 3*u. Let r(t) = -26*t - 6. Let k be r(-7). What is the greatest common factor of k and m?
16
Let o = -6 + 3. Let r = 8 - o. What is the highest common divisor of 11 and r?
11
Suppose v = -5*q + 94, 2*v + 9*q = 4*q + 198. Suppose 5*p + 2*t - t - 62 = 0, -p - 2*t + 7 = 0. What is the highest common divisor of p and v?
13
Suppose 4*o - 15 = 205. What is the highest common factor of o and 11?
11
Suppose 96 = 2*c - 130. Suppose 4*h = 3*n + c, n - 3 = 2*n. What is the highest common divisor of 208 and h?
26
Let w = 61 + -60. Suppose -3 = l - 4. What is the highest common divisor of l and w?
1
Suppose 0 = -4*x + 259 - 39. Calculate the greatest common factor of x and 22.
11
Let a be 3/(4/((-192)/(-4))). Let i be (-1 - -94) + 3/(-1). Calculate the greatest common divisor of a and i.
18
Suppose -2*s + 3*m + 21 = 0, s + 2*m + 2*m + 17 = 0. What is the greatest common factor of s and 9?
3
Suppose 3*q - c - 3 - 90 = 0, 5*q - 3*c = 159. Calculate the highest common factor of 6 and q.
6
Suppose -6*x = -2*x - 60. Suppose 25 = 5*i - 5. Calculate the highest common factor of i and x.
3
Suppose 5*o - 9*o + 60 = 0. Calculate the highest common divisor of 3 and o.
3
Let l(a) = -a. Let c be l(-2). Suppose c*x + 2*x - 968 = 0. Calculate the highest common factor of x and 22.
22
Let y be (-2)/6 - (-420)/18. Let p = y + 10. What is the greatest common factor of p and 11?
11
Suppose 6*u - 2 = 7*u. Let m be u/13 - 123/(-39). Suppose -3*c + 2*c - 26 = -g, -2*c = 5*g - 116. Calculate the greatest common factor of g and m.
3
Let n = -331 + 595. Calculate the highest common factor of 24 and n.
24
Let x(b) = -1 + 2 + 2*b + b**2 - 3*b. Let h be x(4). Let y = -103 - -246. Calculate the highest common divisor of y and h.
13
Suppose 2*r - 44 = 2*l, 2*r + 2*r = l + 103. Suppose -r = 4*g - 203. Calculate the greatest common factor of g and 110.
22
Let u be 0/(-2) + 366/3. Suppose -2*j = 2*t - 44, 5*t + j = 2*j + u. What is the greatest common divisor of t and 60?
12
Let l = -28 - -60. Calculate the greatest common factor of 288 and l.
32
Suppose -2*d + 150 = 3*d. Calculate the highest common divisor of 240 and d.
30
Suppose -3*r = 5 + 10. Let w be ((-1)/2)/(r/20). Suppose 4*i - 3*i = 3*l - 12, w*l - 15 = 3*i. Calculate the highest common divisor of 15 and l.
3
Let n = -9 + 9. Suppose -3*f + f + 4 = n. What is the highest common divisor of f and 10?
2
Let r(o) = o**2 + 23. Let y be r(0). Let b = 98 - 75. Calculate the highest common factor of b and y.
23
Let r(x) be the third derivative of x**5/12 - x**4/8 + x**3/6 + 4*x**2. Let z be r(2). What is the greatest common factor of 10 and z?
5
Let t(g) = -g**3 + 9*g**2 - 10. Let a be t(7). Suppose -6*r - a = -8*r. What is the highest common factor of 11 and r?
11
Let r(c) = 3*c - 1. Let d be r(2). Let b = -5 + d. Suppose 5*k + 4*t + 34 = 246, b = k + 5*t - 55. Calculate the highest common factor of 5 and k.
5
Let f(p) = p**2 - 3*p. Let q be f(3). Let d = 3 + q. Let y be ((-4)/d)/((-4)/78). Calculate the greatest common divisor of 65 and y.
13
Suppose 0 = 5*y - 181 - 809. Let p be 1/2*0 + 18. What is the greatest common factor of y and p?
18
Let f(g) = -4*g**2 + g**3 - 4*g**3 + 2*g + 5*g**3 + 3 - g**2. Let q be (-14)/(-4) - (-2)/(-4). Let h be f(q). Calculate the highest common factor of h and 12.
6
Let c be 0 + -2 + (-5)/(-1). Let t(y) = 6*y**3 - y**2 + 2*y + 1. Let x be t(c). Suppose s = -s + x. Calculate the highest common factor of s and 10.
10
Suppose 0 = q - 3*q - 62. Let u = 59 + q. Calculate the highest common factor of u and 42.
14
Suppose -37 = -4*v + 3. Suppose -4*w = -3*l - 6, 0 = 4*l + l + v. Let d be (8 - w) + (-4)/(-2). Calculate the greatest common factor of d and 50.
10
Suppose -2*w + 3 = 5*u, 3*u - 12 = 7*u. Let q(g) = -3*g - g + g**2 - 4*g + w. Let a be q(7). Calculate the greatest common divisor of 10 and a.
2
Suppose 3*f - 8 = 4. Suppose -2*i - 3*i + 72 = 3*x, -64 = -f*i - 4*x. Calculate the greatest common factor of i and 12.
12
Suppose -i + 2*k = -5*i + 34, 0 = 5*i + 2*k - 45. Calculate the highest common factor of i and 121.
11
Let h = 324 + -66. Let l be 2/(-7) + h/21. Calculate the highest common factor of l and 6.
6
Suppose -d - 24 = 2*d. Let t(n) = -n**2 - 8*n + 5. Let q be t(d). Let z = 111 - 66. What is the greatest common factor of q and z?
5
Let m(a) = a + 1. Let u(p) = -5*p - 3. Let t(d) = 2*m(d) + u(d). Let r be t(1). Let i be (44/3)/(r/(-24)). What is the highest common divisor of 8 and i?
8
Let t(o) = o**2 - 22*o - 3. Let p be t(23). What is the greatest common factor of p and 80?
20
Suppose d - 1 = 19. What is the highest common divisor of d and 80?
20
Let b(n) = -3*n - 1. Let r(d) = -8 + 3 - 16*d + 0. Let k(y) = -11*b(y) + 2*r(y). Let s be k(1). What is the highest common divisor of s and 2?
2
Suppose 3*w + 4*u = 20, 2*u + 0 = -w + 4. Calculate the greatest common divisor of 12 and w.
12
Let w = 54 + -102. Let q = -32 - w. Let d(m) = -41*m - 1. Let c be d(-1). Calculate the highest common factor of c and q.
8
Let l(h) = h**3 - 14*h**2 + 27*h - 28. Let c be l(12). What is the greatest common factor of c and 56?
8
Let f be 2/(-6) + (-225)/(-27). Calculate the greatest common factor of 56 and f.
8
Let f(v) be the first derivative of 2/3*v**3 + 2*v**2 - 3/4*v**4 + 2*v + 1. Let r be f(-2). Calculate the greatest common factor of 65 and r.
13
Let y = -10 - -36. Let n = 30 - 4. What is the greatest common factor of n and y?
26
Suppose -2*s - 5 = -7*s. Let k be (4/2 - s) + 1. Suppose -2*g = -3*i + 40, 0*i + k*i - 5*g - 45 = 0. Calculate the greatest common divisor of 90 and i.
10
Let m = -78 - -113. Suppose -32 = -5*f + 53. Let q = 24 - f. What is the greatest common factor of q and m?
7
Let o be (-416)/40 - (-6)/(-10). Let i = o + 23. What is the highest common factor of 108 and i?
12
Let h be -1 + 4/4 + 6. Let t(b) = -b**3 + 9*b**2 - 7*b - 1. Let x be t(h). Calculate the greatest common divisor of x and 13.
13
Let k(w) = w**3 + 2*w**2 + 5*w. Let s(l) = -l**2 + 1. Let o(n) = k(n) - 6*s(n). Let m be o(-7). What is the greatest common divisor of m and 88?
8
Suppose 0 = r + 2*r - 12. Suppose 8 = r*q - 0*q. Suppose -26 = -5*a - 2*n - 2*n, -a - n + 5 = 0. What is the greatest common factor of a and q?
2
Let i = 158 + 2. Let y = 30 + 3. Let q = 49 - y. Calculate the greatest common factor of q and i.
16
Let c 